. Let b(f) = f + 3. List the prime factors of b(a).
11
Let o(t) = t**3 - 5*t**2 + 4*t - 11. Let m(d) = 4*d + 1. Let k be m(1). Let z be o(k). Let h = z + 8. List the prime factors of h.
17
Let d = -37 + 22. Let y = d - -12. What are the prime factors of 18/y*(-77)/21?
2, 11
Suppose 0 = -2*b - 24*b + 24544. What are the prime factors of b?
2, 59
Let r be (-6 - -10)/(3/9). Let p(j) = 1 + 3*j + 0 - 2*j**2 + 4 + r*j**2. What are the prime factors of p(-2)?
3, 13
Let j = 107 + -104. Suppose -j*f + 288 = -243. What are the prime factors of f?
3, 59
Suppose -23*h + 111608 = 24806. What are the prime factors of h?
2, 3, 17, 37
Suppose -2*c + 7*c = -5. Let m be 4/2 - c - 3. Suppose 3*t = -s + 15, -3*s + m*t = 2*t - 73. List the prime factors of s.
3
Let w(x) = -x**2 + 12*x + 27. Let q be w(10). Suppose 2*a = 257 + q. What are the prime factors of a?
2, 19
Let t(m) = m**3 - 32*m**2 - 14*m - 37. List the prime factors of t(33).
2, 5, 59
Let r = 265 + -486. Let u = r - -331. What are the prime factors of u?
2, 5, 11
Let g(w) = -1168*w**3 + 3*w + 2. What are the prime factors of g(-1)?
3, 389
Suppose 3*x = -2*x + 20. Let m(q) = 8*q**2 + 53*q + 1. Let j(d) = 3*d**2 + 18*d. Let c(w) = x*m(w) - 11*j(w). What are the prime factors of c(14)?
2
Let z(v) = -8*v - 7. Let f = 4 + -7. What are the prime factors of z(f)?
17
Let g(i) = -123*i - 153. List the prime factors of g(-32).
3, 13, 97
List the prime factors of (-7 - -5) + 528 + 4.
2, 5, 53
Suppose 4*p - 12 = -2*k, 8 = -k + p + 4*p. Suppose -k*w = -w - 25. What are the prime factors of w?
5
Let x(c) = -8 - 6*c - 2*c**2 + 4*c**3 - 3*c**3 - 3*c**2. Let m be x(6). Let p = 13 + m. List the prime factors of p.
5
Let r(v) = v**3 - 16*v**2 + 16*v - 44. What are the prime factors of r(16)?
2, 53
Let x(r) = 3*r + 12. Let w be x(12). Suppose -46 - w = -2*z. What are the prime factors of z?
47
Let c = 1232 + -599. Suppose -5*q + o + c = -182, 4*o = -4*q + 652. What are the prime factors of q?
163
Suppose -2*n + 96 = -u - 43, -1 = -u. List the prime factors of ((-16)/(-40))/(2/n).
2, 7
Suppose -g - 5*u - 194 + 2074 = 0, 5*u = -2*g + 3755. What are the prime factors of g?
3, 5
Let o = -24 - -28. Suppose 6 = -2*t + o*d + 2, 0 = 5*t - d + 10. What are the prime factors of (t - -1)*(-19 + 2)?
17
Suppose 0 = -0*w - 2*w + 74. Suppose r + 39 = 3*h, -2*r + 0*h + 2*h - 58 = 0. Let d = r + w. What are the prime factors of d?
13
Suppose -t + 13 = -i + 5, -i = -3. Suppose -k + l = -t - 154, -3*k - l = -479. What are the prime factors of k?
7, 23
Let z(x) = -x + 41. Let g be (-20)/(-15)*(-9)/(-3). Suppose 10*t = g*t. What are the prime factors of z(t)?
41
Let r(n) = -n - 7. Let b be r(7). Let t be -16 - b - (-2 - 0). Let d = t - -35. What are the prime factors of d?
5, 7
Suppose 2832 = -0*l + 8*l. List the prime factors of l.
2, 3, 59
Suppose 0 = -2*i + 6*i - k + 3, 4*k - 12 = i. Suppose -2*c + 1 = -5*y - 328, i = 3*c + y - 519. What are the prime factors of c?
2, 43
Let g(j) = 5*j + j + 28 + j + 6*j. List the prime factors of g(6).
2, 53
Suppose r - 2*r = 5*z - 623, -5*z + 3*r + 611 = 0. Suppose -2*u - 4*h = 180, 8*u = 3*u - 5*h - 430. Let v = u + z. List the prime factors of v.
2, 3, 7
Suppose 0 = -2*h + 3*h - 5. Suppose -582 = -5*f + 2*o, o - h*o + 460 = 4*f. List the prime factors of f.
2, 29
Suppose -4*m + 8 + 0 = 0. Suppose -2*f - m*f = b - 15, f = 2. Let s = b - -9. What are the prime factors of s?
2
Suppose 5*z - 25 = 0, 5*z + 12 - 97 = -4*n. Let t be -1 - (22 + -20) - 1*4. Let o = n + t. What are the prime factors of o?
2
List the prime factors of (417/(-4))/(66/(-1496)).
17, 139
Suppose -4*k = -k. Suppose k = -11*s + 16*s - 905. What are the prime factors of s/3 + (-6)/(-9)?
61
Let g(a) = 37*a + 407. List the prime factors of g(25).
2, 3, 37
Let x = 390 - 115. Let j = x + -185. What are the prime factors of j?
2, 3, 5
Suppose -2*p + p = 3*o - 14, 0 = -4*p - 5*o + 42. Suppose -p*q + 148 = -7*q. List the prime factors of q.
2, 37
Let x(d) = -2*d + 2. Let c be x(-2). Suppose o - 4*f = -13, 6 = 3*o - c*f + 3*f. List the prime factors of o.
7
Let a = 72 - 120. Let y = a - -69. What are the prime factors of y?
3, 7
Suppose 0 = -4*c - 3*m - 30 + 228, -4*m - 110 = -2*c. Suppose -b = -34 - c. List the prime factors of b.
5, 17
Suppose -8*s = -7*s - 2. Let n be s - 0 - (55 - 2). List the prime factors of (0 + 3)/(n/(-374)).
2, 11
Let b = 18 + -14. Suppose -3*u + b*z + 487 + 357 = 0, -4*z - 564 = -2*u. Suppose -u = -2*y - 3*y. List the prime factors of y.
2, 7
Let w(m) = -m + 7. Let a be w(5). Suppose -5*f - 7 = 3*t, -5*f - 3 = 3*t - 2*f. What are the prime factors of t + 1/1 + a?
2
Let p(w) = w**2 + 7*w + 4. Let y = -4 + -3. Let o be p(y). Suppose o*v + 2 - 7 = 5*r, -3*r - 3*v + 24 = 0. List the prime factors of r.
3
Suppose 41*f - 7524 = 29*f. List the prime factors of f.
3, 11, 19
Suppose 8*f - 4*h - 16 = 3*f, -4*f - h + 17 = 0. Suppose -2*r - v = -218, 2*r + 2*v + 230 = f*r. Let j = r - 59. List the prime factors of j.
2, 13
Let d(i) = -i**2 + 3*i. Let l be d(3). Let z be ((l + 0)/(-1))/(-2). Suppose 168 = 4*r - z*r. What are the prime factors of r?
2, 3, 7
Let f = -5 + 7. Suppose 2*o - 8 = -5*k, -2*k + 4*k + f*o - 2 = 0. Suppose 2*z = k, -2*m = -7*m - 3*z + 63. What are the prime factors of m?
2, 3
Let c = 54 - 64. What are the prime factors of ((135/c)/(-9))/((-1)/(-96))?
2, 3
Let o be 466/14 - (-2)/(-7). Let s = 40 - o. What are the prime factors of s?
7
Let v = -1 - -13. Let t = 14 - v. Let y(j) = 18*j - 3. List the prime factors of y(t).
3, 11
Suppose 9 - 8 = -m. What are the prime factors of m/2 - ((-485)/10 - 3)?
3, 17
Suppose n - 26 - 44 = 0. Let k = 115 - n. What are the prime factors of k?
3, 5
Let d = -856 + 980. What are the prime factors of d?
2, 31
Let m = 81 - 82. List the prime factors of (-115)/((m/(-1))/(12/(-12))).
5, 23
Suppose -2*g = 3*u - 475, g = -5*u - 3*g + 789. List the prime factors of u.
7, 23
Suppose 0*v = -4*j + 2*v - 18, 3*v + 3 = 0. Let c = j + 7. Suppose c*l = 3*l - 7. List the prime factors of l.
7
Suppose -o + 3886 = 2*y, 15580 = 4*o - 10*y + 6*y. What are the prime factors of o?
2, 7, 139
Let k = 1 - -48. Suppose 2*f - 2*q + q = 29, 2*f - k = 5*q. Let s = f - 8. What are the prime factors of s?
2
Let k be -7*7 + (7 - 6). List the prime factors of (-636)/(-10) + k/(-120).
2
Let s(t) = 14*t - 8*t - t - 2. Let o be s(1). Suppose 3*p - o*r - 60 = -2*p, p - 4*r - 12 = 0. List the prime factors of p.
2, 3
Let d(a) be the second derivative of -a**4/12 + 8*a**3/3 + 15*a**2/2 + 10*a. What are the prime factors of d(12)?
3, 7
Let r(k) = k**2 - k - 1. Let x be r(4). Suppose -3*u + 1 = -x. Suppose -4*p + 0*i + 60 = -u*i, 5*p - 81 = 3*i. What are the prime factors of p?
2, 3
Let u = 35 + -21. Let o be 24/u + (-14)/(-49). List the prime factors of ((-186)/(-15))/(o/5).
31
Let a(n) = 17*n**2 - 4*n - 8. What are the prime factors of a(6)?
2, 5, 29
Let y(o) = -o + 3. Let n(r) = -r + 2. Let c(b) = 2*n(b) - y(b). Suppose -11 = 3*s - 2*s. What are the prime factors of c(s)?
2, 3
Suppose -t + 10819 = 2*x, -3*x - 4*t = -16453 + 217. List the prime factors of x.
2, 13
Let p(s) = -s**3 + 7*s**2 - 7*s. Let o be p(6). Let z = -1 - o. Suppose -5*u = -4*h + z*h - 105, 4*h = -2*u + 42. What are the prime factors of u?
3, 7
Suppose 4*y - 4 = 4, -4*z + 990 = -y. Suppose 2*a = 10*a - z. What are the prime factors of a?
31
Suppose 3*y - 340 = -0*y - 4*p, -5*p + 338 = 3*y. Let h = 153 + -229. Let a = h + y. What are the prime factors of a?
2, 5
Let x be (-52)/(-12)*2*3. Let m = -14 + x. Suppose p - 14 - m = 0. What are the prime factors of p?
2, 13
Let j(r) = 9*r**3 + r**2 - 4*r + 3. Suppose 5*x - 18 + 8 = 0. What are the prime factors of j(x)?
71
Let z = 1191 + -641. Suppose 5*k + 5*k - z = 0. What are the prime factors of k?
5, 11
Suppose 16 = 2*n + 2*c, 0 = -n - 2*c + 14 - 3. Suppose -x - d = -n*x + 467, -2*d + 458 = 4*x. List the prime factors of x.
2, 29
Let v(n) be the third derivative of 5*n**4/24 + 32*n**3/3 - 41*n**2. List the prime factors of v(17).
149
Let l = 93 + -260. Let d = l - -247. What are the prime factors of d?
2, 5
Let s(l) = -l**2 + 5*l - 4. Let y be s(4). Suppose y = -3*m + 4*v + 4, m + 0*m - 5*v + 17 = 0. Suppose -m = -3*t - 2. What are the prime factors of t?
2
Suppose -d = -11*o + 13*o - 510, -5*d -